) = -11*o + 21 - 18 + 10*o. Determine n(6).
-3
Let c = 105 - 103. Let k(z) = 6*z - 3. What is k(c)?
9
Suppose 0 = -3*i + 4*a + 34, 2*i - 2*a = 6 + 14. Let g be i/(-24) - (-75)/12. Let k(v) = -v. Give k(g).
-6
Let s(l) = -14 + 5*l - 4*l + 13. Let u be 0*(-1 - 3/(-2)). Calculate s(u).
-1
Let s(b) = 12*b + 1. Let g be s(1). Suppose -30 = 18*y - g*y. Let i(z) = z. What is i(y)?
-6
Let s(t) = -229*t**2 + 233*t**2 + 3*t + 3 + 0. Give s(-2).
13
Let d(f) = f**3 + 5*f - 6*f**2 + 5 - 2*f - 6*f + 9*f. Let m = 2 - -3. What is d(m)?
10
Let u(a) = 4*a + 1. Suppose -2*d - 1 = -3*d. Let i = 5 - d. Let s be i/14 - 48/21. Give u(s).
-7
Let f(b) = -b**2 - 4*b - 5. Suppose -4*w - 1 = 15. Give f(w).
-5
Let h(s) = -s**2 + 1. Let u(o) = -5*o**2 - 5*o + 5. Let w(l) = 6*h(l) - u(l). Determine w(4).
5
Let d(y) = y**2 - 5*y + 2. Let v be d(7). Let z(n) = -v*n + 13*n - n**2 + 5 + 7*n. What is z(5)?
0
Let p(z) = -z**3 - 5*z**2 - 2*z + 3. Suppose -13*d - 4 = -12*d. What is p(d)?
-5
Suppose 2*w - 4 + 0 = 0. Let m(a) = -3*a + 8. Let i(k) = -13*k + 32. Let p(g) = w*i(g) - 9*m(g). Give p(0).
-8
Let o(k) = -5*k**2 - k + 2. Suppose 4*l = l + 24. Let g be 52/l + 1/2. Let z(w) = 11*w**2 + 2*w - 5. Let i(b) = g*o(b) + 3*z(b). Calculate i(-1).
-2
Let y be (6/(-6))/(1/5). Let n(c) = c**3 + 6*c**2 + 6*c + 3. Give n(y).
-2
Let n(y) = 4 + 7*y + 2*y**2 + y**3 + 3*y**2 + 2*y**2. Let q be ((-9)/18)/(1/12)*1. Give n(q).
-2
Let z(o) be the second derivative of o**5/120 + o**4/24 - o**3/6 - o. Let n(v) be the second derivative of z(v). Give n(-3).
-2
Let f = 5 - 3. Let b(w) be the first derivative of -w**3/3 + 2*w - 203. Determine b(f).
-2
Let y(c) be the first derivative of -c**3/3 + c**2/2 + 2*c + 7. Let f = -4 - -7. Give y(f).
-4
Let p(t) = t**2 - 7*t - 5*t**2 + 5 + 3*t**2 + 11*t. Let x = -1 + -1. Let q be (0 + -2)*(x - 0). Give p(q).
5
Let u(k) = -2 + 0*k + 0 - 2*k. Let b = 8 + -5. Suppose 3 = -3*y, -j + b*j = -2*y - 10. Give u(j).
6
Let g be (-22)/(-3) - (-2)/(-6). Let s = -3 + g. Let d(c) be the third derivative of c**6/120 - c**5/20 - 5*c**4/24 + c**3/2 + 105*c**2. Calculate d(s).
-1
Let g(n) = -11*n**3 - 2*n**2 - n. Suppose 3*b + 3 = 3*v, -3*v + 1 = b + 6. Calculate g(v).
10
Let k(u) = -u**2 + 4*u - 2. Let c(o) = o**2 - 4*o + 1. Let l(w) = 7*c(w) + 6*k(w). Let h be l(4). Let n(q) = -q - 1. Determine n(h).
4
Let h(v) be the third derivative of -v**4/24 + v**3/6 + 9*v**2. What is h(-2)?
3
Let b(g) = g**2 + 3*g + 3. Let a be (5/2)/((-4)/24). Let l = 3 - a. Suppose -3*i - l = 2*h, -5 - 14 = 5*h + i. Determine b(h).
3
Let v(k) be the third derivative of k**4/12 - 5*k**3/3 + 2*k**2. Suppose -4*o = -16, 4*x - 2*o = -0*o + 20. Determine v(x).
4
Let r(v) be the third derivative of -v**5/60 + 5*v**4/24 - v**3/3 - v**2. Suppose l - 5*b = 2*l - 8, 5*b = 5. Calculate r(l).
4
Let y(r) be the first derivative of -1/3*r**3 + 5/2*r**2 - 1/4*r**4 + 2*r + 3. What is y(-3)?
5
Let g(c) be the third derivative of c**6/120 - 3*c**5/20 - c**4/2 + 7*c**3/3 - 23*c**2. What is g(10)?
-6
Let g be (-27)/3 + 6 + 6/(-2). Let p(a) = 4*a + 6. Give p(g).
-18
Let m(s) = -3*s + 24. Let a be m(10). Let g(y) = y**2 + 4*y - 2. What is g(a)?
10
Let j(l) = -l**2 + 14*l + 3. Let a(p) = -2*p**2 + 30*p + 7. Let u(d) = 2*a(d) - 5*j(d). Determine u(10).
-1
Let o(n) = 6*n + 90. Let m be o(-14). Let j(z) = -3*z + 3 + 0*z + 6. Give j(m).
-9
Let i(v) = v. Suppose 2*m = -2*m - 28. Calculate i(m).
-7
Let s(l) be the second derivative of -l**4/12 - l**3/6 + 7*l**2/2 - l. Suppose 0 = 4*t - 5*o - 15, 4*o - 1 = 2*t - 13. Give s(t).
7
Let l(h) = h**3 - 6*h**2 + 4*h. Let c(i) = 5*i**3 - 31*i**2 + 20*i + 2. Let p(g) = 2*c(g) - 11*l(g). Give p(3).
1
Let w(b) = b + 1. Let p(c) = -2*c - 1. Let z(l) = 6*p(l) + 7*w(l). Determine z(-2).
11
Let o(w) be the first derivative of -w**3/3 - 3*w**2 - 7*w + 4. Suppose 0 = 4*r - 3 + 23. Give o(r).
-2
Let j be (48/(-3))/(-4) + -4. Let r(x) be the second derivative of x**3/6 - x**2 + x. Give r(j).
-2
Let g(j) = 0*j**3 + 0*j + j - j**3 - 3*j**2. Suppose -2*i - 1 = 5. Determine g(i).
-3
Let c(b) be the first derivative of -b**2 - 3*b - 5. Determine c(-6).
9
Let w(q) be the third derivative of -q**5/60 - 7*q**4/24 + q**3/2 + 5*q**2. Calculate w(-5).
13
Let d(j) be the first derivative of -j**7/840 + j**6/180 - j**5/60 - j**4/24 + j**3 + 1. Let t(l) be the third derivative of d(l). Give t(2).
-5
Let s(g) be the second derivative of -g**3/6 - 11*g**2/2 + 6*g. Calculate s(-5).
-6
Let h(n) = n - 6*n - 2*n - 2 + 5*n. Give h(-6).
10
Suppose 2 = -f - 5*k, -3*k + 0*k = 4*f + 8. Let w(z) be the second derivative of z**5/20 - z**3/3 - z**2 - 3*z. Determine w(f).
-6
Let f(g) = -4*g + 4*g**2 + 1 + 4*g**2 + 10*g - 11 + g**3. Give f(-7).
-3
Let s(f) = f**2 + 3*f + 2. Let u be s(-4). Let y(w) = -w - 2. Determine y(u).
-8
Let m(h) = 19*h**2 + 2 - h**3 - 15*h**2 + 2*h**3 + 4*h. Determine m(-2).
2
Suppose 9 = -32*w + 29*w. Let g(h) = 4*h**3 - 7*h**2 + 7*h + 6. Let q(s) = -s**3 + s**2 - s - 1. Let v(m) = -g(m) - 5*q(m). Calculate v(w).
-4
Let u(p) be the first derivative of -2*p**2 - p - 18. Give u(2).
-9
Let a(q) = -1 - 4 + q**2 + 7 - 5*q. What is a(6)?
8
Let f(a) = 6 - 3 - 2 - 6*a**2 - 2. Give f(1).
-7
Let x(p) = -3*p + 5 - 9 + p**2 - 2 + 0*p. Let n = -8 + 5. Let l be (-6)/(-2) - 6/n. What is x(l)?
4
Let r(l) = -l**3 + 10*l**2 - 8*l - 3. Let o be r(9). Let q(j) = 4*j - 6. Give q(o).
18
Let f(l) = l**2 - 3*l - 5. Suppose 2*r = -r + 6. Let v be (20/(-15))/(r/(-3)). Suppose v*u = -4*n - 12, 4*n = 3*n - 5. What is f(u)?
-1
Let j(x) be the first derivative of -1/12*x**4 - 5*x + 4 + 1/2*x**2 - 1/3*x**3. Let p(o) be the first derivative of j(o). Determine p(-2).
1
Suppose 2*d = -2*d - 12. Let i(x) = -x**3 - x**2 + 1. Determine i(d).
19
Let l(y) = y + 10. Let z be 4/6*(-18)/4. Let o(w) = -2*w**2 - 5*w - 2. Let p be o(z). Calculate l(p).
5
Let s = 3 + -1. Let t(z) = 4*z - 5*z + z**2 - 2*z**s + 5. Suppose 5*h - 3*h = 0. Calculate t(h).
5
Let u(r) = -r - 3. Let i be u(-6). Let j(c) = -c + 3*c**2 + 3*c**3 - 3*c + i - 4*c**3. Let y(w) = w**3 - 3*w**2 - 4*w + 2. Let v be y(4). What is j(v)?
-1
Let a(x) = 13 - 5 - 16*x**2 + 17*x**2 + 10*x. What is a(-9)?
-1
Let y(o) = o. Suppose x - 3 = -5*v, -4*v - 9 - 3 = -4*x. Let l = v - 5. What is y(l)?
-5
Suppose 0 = 4*g - 2*g. Suppose 3*r - 4 - 8 = g. Let q = 3 - r. Let h(z) = z**2 - 1. What is h(q)?
0
Let l(y) be the first derivative of y**2 - 3*y - 1. Let b(h) = 0 + 4 + h - 5. Let a(g) = -5*b(g) + 2*l(g). Determine a(-3).
2
Let j(z) = 2*z + 1. Suppose g + 0*g - 1 = l, 0 = -5*g - l + 11. Suppose 0 = -3*u - 2*u + t + 5, g*t = 5*u - 10. Suppose -1 = -f - u. What is j(f)?
3
Let n(a) = a - 2*a + 2 + 3*a. What is n(3)?
8
Suppose 20 = -4*i - i. Let n(q) = -4 + q**3 + 5*q**2 + 3 + 5*q + 7. What is n(i)?
2
Let h(u) = -5 + 14*u + 1 + 1 - 12*u. What is h(5)?
7
Let f(n) = n**3 + 8*n**2 - 9*n + 5. Let z be f(-9). Suppose z*i - 15 = -0*i. Let k(p) = p + 2. What is k(i)?
5
Let h(j) = -4 + 3 + 3 + 4*j**2 - 3*j**2 - j. Determine h(-2).
8
Let u = 0 - -1. Let b(w) = -1 - u + 2*w**2 + 0 + 1 - 7*w**3. Calculate b(1).
-6
Let b(r) = -7*r**2 - 11*r - 7. Let o(t) be the first derivative of -10*t**3/3 - 17*t**2/2 - 11*t - 4. Let g(i) = -7*b(i) + 5*o(i). Give g(-5).
9
Let k(u) be the second derivative of -u**3/6 - 3*u**2/2 - u. Let o(s) = -s + 7. Let v be o(4). Let y(p) = -p**3 + 4*p**2 - p - 3. Let z be y(v). What is k(z)?
-6
Let j(g) be the first derivative of -1/120*g**6 - g**2 + 0*g**4 - 2 + 0*g - 1/12*g**5 - 1/3*g**3. Let t(h) be the second derivative of j(h). Calculate t(-5).
-2
Let s(f) be the first derivative of 3 - 2*f + 1/2*f**2. Suppose 3 = -b + 1. Calculate s(b).
-4
Let l(i) = 2*i. Let p be (-56)/(-16) - 1/2. What is l(p)?
6
Let z(q) = -q**3 - 7*q**2 - 8*q - 8. Let a be z(-6). Suppose -3*r + 1 = 7. Let o = r - a. Let l(c) = 2*c + 6. What is l(o)?
-6
Let q(r) = 2*r + 3. Let b = -52 - -56. Calculate q(b).
11
Suppose 5*h + 0*h = -4*m, -4*m = 20. Suppose 7*g = h*g + 3. Let j(a) = -2*a. Determine j(g).
-2
Let a(t) = -t. Let w(p) = 17*p**3 - 2*p**2 - 2*p - 1. Let o be w(-1). Let v(d) = 8*d. Let u(c) = o*a(c) - 2*v(c). What is u(2)?
4
Let q(z) = -z**3 - 3*z**2 - 5*z - 3. Let j be 4/(-10) + (-390)/25. Let w be j/8*(-6)/(-4). Give q(w).
12
Suppose -2*x = 68 - 60. Let a(z) = z**3 + 4*z**2 - 7*z - 5. Determine a(x).
23
Le